, a - 170 = -2*f + p. List the prime factors of f.
3, 7
Let p = -63 - -63. Suppose 22 = 4*d + 2. Suppose -d*m + m + 208 = p. What are the prime factors of m?
2, 13
Let w be 7/(-1) - 12/4. List the prime factors of -14*1/7*(w - 50).
2, 3, 5
Let l(y) = -y**3 - 17*y**2 - 6*y - 55. What are the prime factors of l(-19)?
11, 71
Let y = -755 - -1158. What are the prime factors of y?
13, 31
Suppose 5*k + 14*k = 45334. List the prime factors of k.
2, 1193
Let g(x) = -x**2 + 10*x - 12. Let o be g(8). Suppose -o*i - s - 13 = 0, 0 = -2*i - 3*i + 3*s + 5. What are the prime factors of 2 + 122/(-4)*i?
3, 7
Let c = 1419 - 570. List the prime factors of c.
3, 283
Let g(q) = 52*q**3 + q. Let z be g(-1). Let y = 203 - z. What are the prime factors of y?
2
Let d = -229 + 105. Let t = 295 + d. What are the prime factors of t?
3, 19
Let w(j) = 41*j. Let s(d) = 124*d + 1. Let y(x) = -4*s(x) + 11*w(x). Let r be y(2). Let v = r + 147. What are the prime factors of v?
53
Let w(q) = q**3 + 20*q**2 - 10*q + 9. List the prime factors of w(-19).
2, 5, 7
Let b(q) = -3*q + 22. What are the prime factors of b(-4)?
2, 17
Suppose 4*r = k - 2*k - 11, 2*k = -4*r - 14. List the prime factors of 2*k/((-24)/212) - -2.
5, 11
Let b(f) be the second derivative of -11*f**7/840 + f**5/120 + 11*f**3/6 - 6*f. Let y(x) be the second derivative of b(x). List the prime factors of y(-1).
2, 5
Let m be (2 - -9) + 5 + -8. Let b(p) = 7*p - 1. Let k be b(m). Suppose 5*w = -0*g + 5*g - k, -2*g + 5*w + 19 = 0. List the prime factors of g.
2, 3
Suppose 124*z - 224666 = 41066. What are the prime factors of z?
2143
Suppose -5*h + 1264 = d, 0 = 5*d - h - 3553 - 2637. List the prime factors of d.
3, 7, 59
Let m = -794 - -1229. Suppose 3*y - m = 24. What are the prime factors of y?
3, 17
Suppose 5*d = -4*l + 18, -l - d = 3*d - 10. Suppose j + 63 = -5*o, l*j + 8*o - 4*o = -102. Let i = -27 - j. What are the prime factors of i?
2
Suppose -i = 11*i - 3216. Let k = 486 - i. What are the prime factors of k?
2, 109
Suppose 5*z - 1 - 9 = 0. Suppose -z*r - 10 = -4*r. List the prime factors of ((-5)/r)/((-1)/23).
23
Suppose -3*d + 12 = 6, a + 559 = -3*d. Let j = 802 + a. What are the prime factors of j?
3, 79
Let c = -141 + 146. Suppose c*y + 2*q = 4*q + 1396, -q - 1398 = -5*y. List the prime factors of y.
2, 5, 7
Let n = -164 + 151. List the prime factors of 10/(-65) - 574/n.
2, 11
Suppose -3*u + 3*r = -471, -182 = -u - 4*r - 30. Suppose q + q = u. Let i = q + -47. What are the prime factors of i?
31
Suppose 80*v + 46846 = 120046. What are the prime factors of v?
3, 5, 61
Let s = -20 + 20. Suppose -2*u - 139 - 29 = s. Let r = -33 - u. List the prime factors of r.
3, 17
Let d(v) = 21*v**2 + 32*v - 49. List the prime factors of d(-10).
3, 577
Let j be (8/(-3))/((4/(-3))/2). Suppose 0 = -j*m - 141 + 545. What are the prime factors of m?
101
Suppose 2*o - 2 = -0*o. Suppose 0 = -2*p + 13 - o. Suppose p = -4*h + 34. What are the prime factors of h?
7
Let o be 12 - 4/((-4)/(-2)). Suppose 0 = -5*x + o - 0. Suppose -x*b + 5*b = 75. List the prime factors of b.
5
Suppose 2*j + 2647 - 7743 = 0. What are the prime factors of j?
2, 7, 13
Let c = -270 + 522. Suppose 0*z - 3*z = -c. List the prime factors of z.
2, 3, 7
Let r = -1 + 6. Suppose r*o - 80 = o. What are the prime factors of o?
2, 5
Let y(q) = -q**2 + 18*q - 7. Let n be (-1)/((-3)/((-108)/(-3))). What are the prime factors of y(n)?
5, 13
Let y(w) = -9*w - 15. Let n be y(-3). List the prime factors of 4/n*(-12)/(-1).
2
Let n(x) = x**3 - 3*x**2 + 3*x + 4. Suppose -5*a = -0 - 10. Let s be ((-30)/(-25))/(a/5). What are the prime factors of n(s)?
13
Let k(t) be the third derivative of t**5/30 - t**4/12 - t**3/2 + t**2. Suppose 23*b + 2*b - 100 = 0. List the prime factors of k(b).
3, 7
Let h = -3 - 5. Let i be (-5 - h)/((-6)/(-8)). Suppose 156 = -c + i*c. What are the prime factors of c?
2, 13
Let g(c) = c**3 - 5*c**2 + c + 12. List the prime factors of g(11).
7, 107
Let c(s) be the first derivative of 17*s**2 - 45*s - 32. What are the prime factors of c(5)?
5
Suppose -5*l - 30 = 4*u, -3*l - 18 = -4*u + 2*u. Let z = -2 - l. Suppose -2*y + 82 = y + 5*t, -z*y + 148 = -3*t. What are the prime factors of y?
2, 17
Suppose 5*r = 2*f + 10, 5*r + 2*f + 0*f - 10 = 0. Suppose 2*w = -4*h + 338, -r*h = 2*h + w - 333. What are the prime factors of h?
2, 41
Suppose -42*p = -47*p - 80. Let q(a) = -a - 11. Let h be q(-8). List the prime factors of 3*(p/(-3) + h).
7
Suppose -3*n + 4822 + 1460 = 0. List the prime factors of n.
2, 3, 349
Suppose 4*b - 6 = 30. Let i = -6 + b. Suppose i*g + 4 = 5*u + 23, -5*g + 35 = -5*u. What are the prime factors of g?
2
Let x be 6/(-27) + -40*1/(-18). List the prime factors of (-2 + 6/4)*(x - 18).
2
Let a be 13 + -11 - 0/2. Suppose 0 = -a*k + 5*j + 120, k - 45 - 45 = -5*j. What are the prime factors of k?
2, 5, 7
Let k = -1741 + 2845. What are the prime factors of k?
2, 3, 23
Suppose -185*p + 8058 = -182*p. List the prime factors of p.
2, 17, 79
Let v = 498 + 2118. List the prime factors of v.
2, 3, 109
Suppose -2*g + h = -4*g + 9, 4*h - 6 = 2*g. Suppose -57 = -g*x - 18. List the prime factors of x.
13
Let y(i) = -i**2 - 14*i - 17. Let p be y(-12). Let b be (16/(-28))/((-2)/p). Suppose b*g = 7*g - 4*n - 138, 5*n - 165 = -5*g. List the prime factors of g.
2, 3, 5
Let i(z) = 4*z - 27. Let u be i(7). List the prime factors of 238/8 + u/4.
2, 3, 5
Let u(g) = g - 4. Let p be u(7). Suppose -3*f - 5*k = -78 - 11, -f = -p*k - 53. What are the prime factors of f?
2, 19
Let x be (35 + 1 + 2)/(-1). Let n(s) = -s**2 + 15*s. Let j be n(7). Let l = x + j. List the prime factors of l.
2, 3
Let i(g) = -g**2 + 5*g + 14. Let w be i(7). Suppose 3*a - 22 - 11 = w. Suppose 1 + a = p. List the prime factors of p.
2, 3
Let j(k) = -2*k + 50. List the prime factors of j(-10).
2, 5, 7
Let h = -570 + 1463. List the prime factors of h.
19, 47
Let h(x) = -x**3 + x**2 - 11*x - 49. What are the prime factors of h(-9)?
2, 5, 43
Suppose -f - 1 = -23. Suppose -f = -i + 26. Suppose 2*o = -4*u + 116, 0 = 2*u - 3*o - o - i. What are the prime factors of u?
2, 7
Let u(h) = 65*h**3 - 7227 + 7227 - 3*h**2 + 2*h. Suppose 4*l + 2*p - 3*p - 9 = 0, -4*l - p = 1. What are the prime factors of u(l)?
2
Let s(l) = -l**2 - 3*l + 4. Suppose i + 4*i + 20 = 0. Let w be s(i). Suppose -3*z + 59 + 13 = w. List the prime factors of z.
2, 3
Let c be (-8)/1*(-7)/4. What are the prime factors of (8 - c)*(-3 - 48)?
2, 3, 17
Let t = 26 - 37. Let b be ((-76)/10)/(t/(-55)). Let a = b - -85. What are the prime factors of a?
47
Let h = -605 + 432. Let u = -118 - h. What are the prime factors of u?
5, 11
Let c = 1699 - 997. List the prime factors of c.
2, 3, 13
Suppose 0 = -5*m - 5*t + 445, 0 = 4*m - 5*m - 5*t + 73. Suppose -m = -5*z - 23. List the prime factors of z/(-63) + 238/18.
13
Suppose 4*t + 798 = 2*h, -3*t + 1585 = -8*h + 12*h. What are the prime factors of h?
397
Suppose 5*p - 1098 = -p. Let a = p + -58. List the prime factors of a.
5
Suppose 5*v + 5 = 0, -3*f + 563 - 224 = 3*v. Let w = -80 + f. What are the prime factors of w?
2, 17
Let c be 0*-3*(-1)/(-6). Suppose -3*f + 7 + 14 = c. What are the prime factors of f?
7
Let w(j) = j**2 + 5*j + 8. Let g be w(-4). Suppose 5 = g*a - 0*d - 5*d, 0 = -3*a - 4*d + 27. Suppose 0 = a*r - 76 + 6. List the prime factors of r.
2, 7
Suppose -5*s = b - 46, b + 2*b - 48 = -5*s. Suppose s*r = 3*r + 732. What are the prime factors of r?
2, 61
Let x(v) = -v**3 - v**2 + 1. Let l be x(-2). Suppose l*r - f - 588 = 0, 4*f = 4*r - 2*r - 246. What are the prime factors of r?
3, 13
Let d = 6 - 7. Let b be 0/d + (6 - -18). Suppose 2*c = 5*w - 71, -w + b = -5*c - 4. What are the prime factors of w?
13
Let t = 86 - 84. Suppose t*s = 10, 2*x - s - 151 = x. What are the prime factors of x?
2, 3, 13
Let w be 5/((-4)/(2*46)). Let k = -73 - w. Suppose 2*u - k - 18 = 0. What are the prime factors of u?
2, 3, 5
Let b = 12 - 8. Suppose 25 = b*g + 5. Suppose -r - 11 = 5*x, -4*x = g*r - 0*x - 8. What are the prime factors of r?
2
Let l = 14 + -14. Suppose l = 2*a + 7*z - 2*z + 20, 20 = -3*a - 5*z. Let p = 26 + a. What are the prime factors of p?
2, 13
Suppose w - 107 = 4*o - 3, -2*o = 3*w + 66. Let h = -13 - o. What are the prime factors of h?
2, 7
Let k(b) = -b**3 + 6*b**2 + 2*b - 8. Let w be 